t is the remainder when 363 - (-8 + 6 + 2 - -4) is divided by 124?
111
Suppose 6*h - 48 = 18. Let n = 16 - h. Suppose 0*c - 5*r = -n*c + 775, -r = 3*c - 461. Calculate the remainder when c is divided by 31.
30
Suppose -5*d - 4*r = -2*r - 754, 5*d - 3*r - 744 = 0. Suppose g - 176 + d = 0. What is the remainder when g is divided by 9?
8
Let w be 7 - (0 - -6 - -2). Calculate the remainder when (-20 - -96) + w*(3 - -2) is divided by 18.
17
Suppose 9 = 4*a - 15. Suppose -a*p - 44 = 124. Let o = p + 34. What is the remainder when o is divided by 1?
0
Suppose 0 = 73*x + 157*x - 361 - 3549. Let n = 13 - 8. Calculate the remainder when x is divided by n.
2
Suppose 138*w + 2*w - 66224 = -13724. Calculate the remainder when w is divided by 85.
35
Let y = 63 + 11. Let x = -64256 + 64400. Calculate the remainder when x is divided by y.
70
Let d(o) = -o + 14. Suppose 2314 = 40*a - 3086. Suppose 37 - a = -2*t. What is the remainder when t is divided by d(9)?
4
Calculate the remainder when (-2742)/(-9) + 175/(-105) is divided by 5.
3
Let b(x) = 9*x + 343 + 18*x + 184 - 316. What is the remainder when 1208 is divided by b(-7)?
20
Let i = -17535 - -18715. What is the remainder when 4723 is divided by i?
3
Let l = -614 + 258. Let p = 386 + l. Calculate the remainder when 42 is divided by p.
12
Let f = 17 + -9. Let h(q) = q + 40. Let l be (-402)/42 - (-20)/35. What is the remainder when h(l) is divided by f?
7
Suppose -209*f - 3*u = -214*f + 8997, -5*f + 2*u + 8998 = 0. Calculate the remainder when f is divided by 45.
0
Let k(z) = 7*z**2 - 1. Let b be k(1). Let a = 43 - b. Suppose -2*q = -5*c - 185, -3*q - 1359*c = -1357*c - 325. What is the remainder when q is divided by a?
31
Suppose -123 - 975 = -3*g. Suppose g = 4*t - 2*t. Suppose -5*q + t = -4*y, 3*q - 36 - 75 = 3*y. Calculate the remainder when q is divided by 10.
5
Let h = -6 + 5. Let u(l) be the second derivative of -23*l**5/10 - l**3/6 - l**2 - 17*l. What is the remainder when u(h) is divided by 6?
3
Suppose 0 = 5*s - 7*s + 2. Let m be s*563 + (0 - 2). Suppose -m = -10*c - 31. What is the remainder when c is divided by 18?
17
Let o = -3839 - -3893. Calculate the remainder when 14092 is divided by o.
52
Let i be 0/(-4 + 8/4). Suppose i = 10*f - 12*f - 282. Let n = 292 + f. What is the remainder when n is divided by 14?
11
What is the remainder when 1787 is divided by (-628)/(-16) + 3 + 87/(-12) + 4?
32
Let a(y) = 2*y**3 + 3*y**2 - y - 7. What is the remainder when ((-39710)/1100 + (-18)/4)*(-4 + -1) is divided by a(3)?
61
Let p = -103 - -136. Let g = -75 + 111. Suppose -i - 4*t + 211 = -g, 3*t - 696 = -3*i. Calculate the remainder when i is divided by p.
29
Let c be (-70)/(-6) + (-26)/39. Suppose c - 8 = y. Suppose -y*t = -216 - 3. What is the remainder when t is divided by 19?
16
What is the remainder when (-2)/(-2*2/(-20)) - -6271 is divided by 57?
48
Suppose 4*y - 5*c + 310 = 0, 0 = -4*y - 0*y - 4*c - 328. Let m be (-440)/6*288/y. Suppose m = 7*s - s. What is the remainder when 173 is divided by s?
41
Let j = -363 - -727. What is the remainder when j is divided by 44?
12
Let a = 259 + -261. What is the remainder when 170 is divided by 10/(4 + a) - -54?
52
Let w(v) = 607*v**2 - 79*v + 79. What is the remainder when w(1) is divided by 16?
15
Let i(d) = -d**3 - 3*d**2 - 3*d. Let k be i(-2). Suppose 6*x = k*x - 236. Let t = 66 + x. Calculate the remainder when 20 is divided by t.
6
Suppose -5*m - w + 16 = -0, -2*m - w + 4 = 0. Suppose 4*a = -m*z + 3*z + 31, -17 = -2*a - z. Calculate the remainder when 46 is divided by a.
4
Suppose 0 = -4*o - 5 + 29. Suppose -2*p = 4*g - o*p - 852, -5*g - p = -1047. Calculate the remainder when g is divided by 54.
48
Let q = -1 + 34. Let m(a) = -205*a + 619. What is the remainder when q is divided by m(3)?
1
Let t = -69 - -67. Let a(z) = 62*z**3 - 3*z + 2. Calculate the remainder when a(1) is divided by (-6)/t*(-7 - (-15 + 1)).
19
Let i(x) = 11*x**3 - 3*x**2 - 4*x. Let c be i(3). Let d = c - 200. What is the remainder when 228 is divided by d?
54
Let u = -28 - -26. Let b(l) = 5*l**2 + 7*l + 9. Suppose -i - 1 = 0, -s + 53 = s + i. Calculate the remainder when s is divided by b(u).
12
Suppose 0 = 8*m + 345 - 281 - 264. What is the remainder when m is divided by 1?
0
Let f(q) = -q**2 - 8*q + 8. Let h = 45 - 61. Let j(b) = -2*b**2 - 37*b - 39. Calculate the remainder when j(h) is divided by f(-7).
11
Suppose 2*j + 6*j - 80 = 0. Let k = j - -5. Let u(g) = -g**3 + 15*g**2 + g - 1. What is the remainder when 55 is divided by u(k)?
13
Let c(l) = 2*l**2 - 6*l + 4. Suppose 16 - 4 = 4*r. Suppose 0 = -34*g + r*g + 1364. Calculate the remainder when g is divided by c(4).
8
Suppose -166*g - 5*l = -162*g - 692, -4 = l. Calculate the remainder when 306 is divided by g.
128
Let v = 8782 - 5358. What is the remainder when v is divided by 426?
16
Suppose 8*o = -2*o + 230. Let f(r) = -r**2 + 26*r + 95. Calculate the remainder when f(o) is divided by 33.
32
Suppose -4*p + 138 = 2*k, 5*p - 38 = -4*k + 130. Let n = -40 + 143. Calculate the remainder when n is divided by p.
31
Let p(r) = -22*r**2 - 798*r - 50. Calculate the remainder when p(-36) is divided by 91.
75
What is the remainder when 1078 is divided by 97 - 5/(50/(-80))?
28
Let u(f) = 2*f + 47. What is the remainder when 502 is divided by u(27)?
98
Suppose -907*m + 831*m = -14136. What is the remainder when m is divided by 50?
36
Suppose -5*p + 62 + 18 = 0. Let y = 1 + p. Suppose 28*t - 33*t = -585. What is the remainder when t is divided by y?
15
Let p be (-645 + 0)/(-3) + 2 + 1. Suppose -3*c - p = -5*c. Calculate the remainder when c is divided by 16.
13
Let c be (-56)/(-9) - 0 - (-4)/(-18). Let p be (-75)/c*(-16)/20. Let v = p - 1. What is the remainder when 22 is divided by v?
4
Let o(z) = -z**3 - 8*z**2 - z + 47. Let l be o(-7). Suppose -l*g - 5*y = -440, 5*g = 8*g - 2*y - 289. What is the remainder when 180 is divided by g?
87
Suppose -2878 = -4*n + t, 4*n - 2*t = 8*n - 2860. Calculate the remainder when n is divided by 12.
10
Let q = 9085 - 9071. Calculate the remainder when 2543 is divided by q.
9
Let m be (2/(-4))/((-6)/(-12) - 1). Suppose -m + 51 = 5*h. Let x = 137 - 80. What is the remainder when x is divided by h?
7
Let n = 19764 + -18425. Calculate the remainder when n is divided by 225.
214
Let m be (-1)/((-24)/(-26) - 1). Let a = m - -41. Suppose a = -5*b + 199. What is the remainder when 144 is divided by b?
28
Let w(t) = 13*t - 18. Let l(v) = 15*v - 18. Let g(i) = -6*l(i) + 7*w(i). Calculate the remainder when 707 is divided by g(28).
7
Suppose -13*h = -6*h. Suppose 2*k = -5*g + 15, h = 5*g - 3*g + 2*k. Suppose -19 = -u - 4*a - 5, -5*u = -4*a + 2. What is the remainder when g is divided by u?
1
Let j(b) = -32*b - 100. Let v be j(-3). Calculate the remainder when 53 + -3 + 17 + -5 + v is divided by 2 + (-2)/2*-13.
13
Suppose -6 - 2 = -2*d, 5*d - 22 = t. Calculate the remainder when 2/(-12)*-9*t - -86 is divided by 21.
20
Let h(c) = 7*c + 29*c - 14 - 54*c. Let w(b) = -b + 45. What is the remainder when h(-12) is divided by w(-6)?
49
Let c(v) = 8 + 5 - 9 + 14 + 8 + v. Let l = -2 + 2. What is the remainder when 181 is divided by c(l)?
25
Let x(o) = -2*o**2 + 7*o + 171. What is the remainder when 1095 is divided by x(-7)?
15
Suppose 660 - 215 = 5*i. Suppose 0*r = r - i. Let y(p) = 6*p - 9. Calculate the remainder when r is divided by y(3).
8
Suppose 49*s - 4*p = 50*s - 76, -p = -2*s + 143. Calculate the remainder when 1392 is divided by s.
24
Let o = -42 + 50. Let h(s) = -s**2 + 15*s + s - o + 17 + 11. What is the remainder when h(16) is divided by 7?
6
Let d(b) = -b + 12. Let s be d(7). Suppose 135 = 4*u + u - s*y, -4*y + 22 = u. Suppose 20*w - 699 - 261 = 0. Calculate the remainder when w is divided by u.
22
Suppose 0 = -2*h + 6*h - 4*t + 20, 0 = -3*h - t - 7. Suppose -2*i + 25 = 3*i. Calculate the remainder when i is divided by (1 - 2)/3 + (-10)/h.
2
Let v(a) = -10*a**3 + 58*a**2 + 21*a - 26. What is the remainder when 99 is divided by v(6)?
15
Suppose 0 = 4*b - 5*b - x + 91, 0 = 5*x. Let u = b + -11. What is the remainder when u is divided by 21?
17
Suppose 0 = -21*o + 19*o + 2*i + 4, -4*o = -i - 20. What is the remainder when 76 is divided by 27 + o/36*-3*2?
24
Suppose 5*w + 3*c - 984 = -146, -2*c + 842 = 5*w. Suppos